6398*h - 8. Calculate b(6).
-4
Suppose 2*n = 25*c - 23*c - 104, -4*n + 242 = 5*c. Let p(x) = -c + 16 + 21 - x + 15. Give p(5).
-3
Let g(z) be the first derivative of -z**3/3 + 2*z**2 + 10*z - 48737. Let y(o) = 2*o**2 - o - 1. Let w be y(2). Give g(w).
5
Let q = -1 - 5. Let l(m) = m**3 - 2*m**2 + 3*m + 2. Let c be l(0). Let w(u) = 10 - u**3 + 199*u**c - 8 - 205*u**2. Give w(q).
2
Let b be (-18)/(-8)*(-101 + 105). Let i(x) = 2*x**2 - 12*x - 5. What is i(b)?
49
Let p be (1 + -11 + 12)/(6/(-27)). Let u(y) = 14*y - y**2 + 0*y**2 + 6 + 2*y**2. Calculate u(p).
-39
Let r = 97 - 92. Let w(q) = q**3 - 5*q**2 - 3*q + 15. Let o be w(r). Let u(n) = o + n**2 + 4 - 8 + 0. Calculate u(3).
5
Let z(a) = a + 7. Let u(d) be the second derivative of -d**7/252 - 13*d**4/4 - 20*d. Let h(m) be the third derivative of u(m). Let n be h(1). Give z(n).
-3
Let o(g) = -g**2 - 6*g + 6. Let x(h) = 2*h**3 - 27*h**2 + 36*h - 8. Let z(w) = -6*w - 18. Let y be z(-5). Let r be x(y). Determine o(r).
-10
Let v(s) be the third derivative of s**6/120 - s**5/15 + s**3 - 2266*s**2. Give v(4).
6
Let v(x) be the third derivative of -151*x**4/24 - 151*x**3/6 + 455*x**2 + 7*x. Give v(-1).
0
Let q = -18 - -19. Let g(m) = m**3 + 3*m - 2. Let z be g(q). Let h(d) = d**2 - 1 + d - z*d + 0*d + 3. What is h(4)?
14
Let i be (5/3)/((-13)/(-117)). Let k(w) = -4*w**2 + i + 3*w**2 - 55*w + 70*w. Determine k(16).
-1
Let f(j) be the first derivative of 2*j**3/3 + 21*j**2 - 45*j - 1226. Determine f(-22).
-1
Let l(p) be the third derivative of -14 - 5*p**2 + 1/60*p**5 + 0*p - 5/24*p**4 - p**3. Calculate l(5).
-6
Let f(i) be the first derivative of 1/4*i**4 + 44 + i - 1/2*i**2 + 4/3*i**3. What is f(-5)?
-19
Let h(l) = -l**2 + 6*l + 8. Suppose -36*u + 157 = -23. Determine h(u).
13
Let b(z) = z**2 + 13*z - 14. Suppose 0 = 76*c - 113*c - 481. What is b(c)?
-14
Let q = -19 - -32. Let y(o) = 3*o**3 + 98*o**2 - 31*o + 25. Let a(t) = 4*t**3 + 140*t**2 - 46*t + 37. Let j(v) = -5*a(v) + 7*y(v). Give j(q).
-10
Let l(t) be the second derivative of -3*t**4/4 - 4*t**3/3 - 3*t**2/2 + 153*t. Let d(i) = 26*i**2 + 23*i + 8. Let u(g) = -6*d(g) - 17*l(g). Calculate u(-3).
-18
Suppose -2*l + 4*l = 32. Suppose 12*s + 16 = l*s. Suppose -2*y - 4 = -s*j, 3*j - 16 = 3*y - 7. Let i(x) = -3*x**2 + 2*x + 1. Give i(j).
-4
Let s(i) = 5*i**3 + 9*i**2 + 23*i + 16. Let t(h) = -12*h**3 - 18*h**2 - 47*h - 32. Let k(v) = 7*s(v) + 3*t(v). Give k(11).
-6
Let v(z) = 23*z - 227. Let h = 42197 + -42187. Give v(h).
3
Suppose s = 4*i - 4, 3*i + 3 = 12. Suppose -3*t - 2*c + 8 = 0, -2*t + 0*t - 4*c - s = 0. Let v(q) = q**2 - 8*q + 6. Calculate v(t).
-6
Let j(v) = -3*v**2 + v + 1. Let y be 6 - ((-1)/(-5))/(24/120). Suppose 12*n + 17 = 10*n - 5*i, -n - y*i = 16. Give j(n).
-3
Let x(f) = 3*f**2 + 33*f - 4. Let d be 378/504*(-14 - 2). Give x(d).
32
Let d = 20 + -25. Let y(x) = -16 - 4*x - 25 + 32 + 2*x. Give y(d).
1
Suppose 315*p - 2142 = -1481 + 1859. Let u(v) = -v**2 + 11*v + 14. Determine u(p).
38
Let w(n) = -5 - 4 - n + 2. Suppose -138 = 32*i - 55*i. Let g(o) = -o**3 + 6*o**2 - o + 6. Let j be g(i). Determine w(j).
-7
Let y(h) = -h + 6. Let u = 24 - 387. Let i = u + 367. What is y(i)?
2
Let g be (-14)/((-154)/(-121)) - 12. Suppose -6*f + 3*f + 60 = 0. Let p = f + g. Let u(k) = -k**2 - 3*k - 2. What is u(p)?
-2
Let p(h) = 1 + 0*h**3 + 7*h**2 - 8*h**2 - 6*h - 7*h**2 - h**3. Let v(b) = 2*b**3 + 15*b**2 + 11*b - 2. Let x(t) = -5*p(t) - 3*v(t). Calculate x(-4).
-3
Let h(q) = 8*q**2 - 34*q - 101. Let y(g) = 19*g**2 - 85*g - 253. Let b(w) = 12*h(w) - 5*y(w). Calculate b(-14).
11
Let y(f) = -3*f - 4. Let s be y(-3). Let o be 2 - (-22)/121*-11. Suppose n + o*n = s*n. Let i(w) = -w**2 + w - 6. Determine i(n).
-6
Let r(t) be the third derivative of -1/2*t**3 - 1/120*t**6 - 1/3*t**4 + 0*t + 0 + 2/15*t**5 + 191*t**2. Calculate r(7).
-10
Let h = -186 - -157. Let u = -32 - h. Let k(t) = -1. Let i(q) = 3*q + 8. Let w(v) = i(v) + 6*k(v). What is w(u)?
-7
Let w be -1 + 138/(26 + -3). Let z(u) be the third derivative of 0*u + 1/30*u**w + 0*u**4 - 1/6*u**3 + 1/40*u**6 + 0 + 33*u**2. Give z(-1).
-2
Let g(p) = p**2 - 12*p + 1. Suppose -117 = 2140*l - 2149*l. What is g(l)?
14
Let j(u) = u**3 + 4*u**2 - 34*u - 10. Suppose 4*a - a + 87 = 63. Give j(a).
6
Suppose 0 = -2*m - r - 59 - 15, 2*m + 54 = 4*r. Let w be ((-154)/m - 5) + (-136)/(-10). Let s(v) = -3*v - 12 + w - 5. What is s(-7)?
17
Let p(c) be the second derivative of 1/2*c**4 + 7/2*c**2 - 1/6*c**3 - 1/20*c**5 - c + 34. Calculate p(6).
1
Let o(q) = -7*q - 66. Let p(z) = -z**3 - 21*z**2 - 61*z + 110. Let f be p(-17). Calculate o(f).
-3
Let z = -9 - 53. Let n = 66 + z. Suppose 7*g - 4*g + 5*q + 23 = 0, -g = n*q + 17. Let h(y) = -8*y**2 + 1. Calculate h(g).
-7
Let l be 1*(8 + -3 + -4)*7. Suppose 5 = -2*b + l. Suppose 5*o = -4*n - 27, -4*n - o - b = 14. Let j(a) = 2*a**2 + 4*a + 2. Calculate j(n).
8
Suppose 5*o = -4*h + 45, -3*o + 18 = -2*h - 9. Let z be (o/(-4))/(78/(-3328)). Let u(w) = -2 + 1 + z*w + 2 - 95*w. Calculate u(-2).
-1
Let q(r) = -7*r**3 - 10*r**2 + 6*r + 26. Let z(n) = n**3 + n**2 - n - 3. Let j(i) = q(i) + 6*z(i). Calculate j(-4).
8
Let j(r) = -2*r + 64. Let g be j(31). Suppose u + 20 = 5*w, w + 3*w + g*u - 2 = 0. Let s(y) = y**2 - 4*y + 7. What is s(w)?
4
Let w(n) be the first derivative of -3/2*n**2 + 1/4*n**4 - 4/3*n**3 - 7 - 6*n. What is w(5)?
4
Let w(y) be the first derivative of -y**3/3 + 13*y**2 - 80*y + 1999. Determine w(22).
8
Let i(p) = 5*p**2 - 6*p + 35. Let o = -36 - -38. Let j(s) = -s**2 + s - 7. Let w(a) = o*i(a) + 11*j(a). Let l be (-6 - -6)/(1*2). Calculate w(l).
-7
Let c(v) = 2*v**2 - 13*v + 4. Let p be c(6). Let t = 13 - p. Let z be 1*((-35)/t)/((-2)/(-6)). Let f(j) = j**3 + 8*j**2 + 9*j - 9. Give f(z).
-23
Let h(f) be the first derivative of -f**3/3 + 3*f**2 - 8*f - 4. Let c be (-90)/(-45)*(-1 + 5). What is h(c)?
-24
Let m(l) = l**3 - 11*l**2 - 12*l - 14. Suppose -6*w - 2*g + 64 = 0, 5*w + 3*g = -0*w + 48. Give m(w).
-14
Let x(i) be the third derivative of -i**5/60 - 7*i**4/12 + 4*i**3/3 - 2353*i**2. Determine x(-12).
32
Let w(m) = -2*m + 5. Suppose 4*g = -5*y + 66, 3*g - 42 = 11*y - 14*y. Let k be (-3 + y)*12/12. What is w(k)?
-9
Suppose 0 = -88*l + 106*l - 72. Let m(s) be the second derivative of -s**4/6 + 2*s**3/3 + 2*s**2 + 32*s. Give m(l).
-12
Suppose -u + o = 71, -u - 213 = 2*u - 5*o. Let r = 73 + u. Let d(p) = 0 - 1 - 2*p + 0. Determine d(r).
-5
Let h(b) = -4445 + b**2 - 12*b + 4520 - 11*b. Give h(19).
-1
Let n(t) = 3*t**3 + 2*t**2 + 4*t - 5. Suppose -a - 31 + 29 = -3*u, 4*u = 5*a + 32. Give n(u).
-29
Let c(u) = -19*u - 7. Let x(p) = 13*p + 7. Let o(j) = 4*c(j) + 5*x(j). Calculate o(1).
-4
Let r(d) = 3*d - 22. Suppose h - 15 = -5*z, z = -5*h - 114 + 93. What is r(z)?
-10
Let c(r) = r**2 - 4*r - 7. Let m = 6 - 4. Let z be -12 - -13 - (70 + m/2). Let f = -65 - z. What is c(f)?
-2
Let z = -356 - -359. Let r(h) = h**2 + 24*h - 77. Let k be r(z). Let i(t) = t + 3. Calculate i(k).
7
Let n(z) = z**3 + 5*z**2 - 70*z + 18. Let q be n(6). Let c(v) = -v**3 - 5*v**2 - 11*v - 14. What is c(q)?
88
Let l(r) = -4*r + 2*r + 0*r - 2. Let a = 509 - 904. Let j = 391 + a. What is l(j)?
6
Suppose 23*v + 318 = 42. Let w(a) = -a**3 - 11*a**2 + 9*a - 44. What is w(v)?
-8
Let z(i) be the first derivative of -i**4/4 + 2*i**3 + 4*i**2 - 10*i - 9. Suppose -3*p + 30 = -3*y, -y + 51 - 19 = 5*p. Give z(p).
-3
Let n(u) = -8*u + 4*u + 8 + 1 + 3*u - 6. Let v be 22/(-3)*9/(-6). Give n(v).
-8
Suppose 3*s = -c + 15 - 2, -c = -1. Let r(f) = -1 + s*f + 12*f + 11*f - 9*f. Let j(l) = -4*l + 161. Let o be j(40). Give r(o).
17
Let s(w) = -154*w - 1. Let x(m) = 153*m + 11. Let k(a) = 2*s(a) + 2*x(a). What is k(15)?
-10
Let x = -445 - -438. Let r(y) be the third derivative of -1/60*y**5 + 3*y**2 + 0*y - 1/3*y**4 + 0 - 2/3*y**3. Calculate r(x).
3
Let x(q) = q. Suppose 58*c + 241*c + 6279 = 0. What is x(c)?
-21
Let j(d) = d**3 + 5*d**2 + 4*d + 11. Let x be j(-5). Let o(v) = v + 16. Let w be o(x). Let f(a) = -a**3 + 7*a**2 - a + 1. Give f(w).
-6
Let i(m) be the second derivative of 1/2*m**2 - 1 + 3/2*m**3 - 2*m. Give i(2).
19
Let b(w) be the first derivative of w**4/4 + 10*w**3/3 - w**2/2 + 17*w - 2185. Calculate b(-10).
27
Let o(i) = -7*i + 19. Let b(t) = 2*t + 2. Let h(x) = -5*b(x) + o(x). Let k(n) = 3*n - 2. Let f(c) = 2*h